t w = -2342 + 2388. What is the remainder when 503 is divided by w?
43
Let k = -44 - -90. Suppose -k = -3*i + 2. Calculate the remainder when 121 is divided by i.
9
Let h = 214 - 212. Let k(d) = 106*d + 2. Calculate the remainder when k(h) is divided by 36.
34
Let z = 61 - 45. Suppose -971 = -3*n - 209*v + 214*v, -4*n - 5*v = -1248. Calculate the remainder when n is divided by z.
13
Let p(j) be the second derivative of -j**5/5 - j**4/3 - j**3 - j - 26. What is the remainder when 126 is divided by p(-2)?
14
Suppose 4223 = 6*p - 1609. Suppose 8*k = -k + p. Suppose 6*i - 600 = -k. Calculate the remainder when i is divided by 17.
14
Let b(z) = 5*z**2 + 64*z - 9. Let p be b(-13). Let q(c) = 45*c**2 + 12*c - 67. What is the remainder when q(p) is divided by 78?
77
Let o be (17 - 19)/(10/(-785)). Suppose o*v - 162*v = -205. Calculate the remainder when v is divided by 2.
1
Let y = 1287 + -1246. Calculate the remainder when -4*(-303)/(-12)*-2 is divided by y.
38
Let o(m) = 68*m**2 + m - 1. Let p(i) = i**2 - 26*i + 46. Let q be p(24). Calculate the remainder when o(q) is divided by 8.
5
Let n(s) = -2*s - 5*s**2 + 2*s - 2*s**3 + 3*s - 6 + 11. Suppose 2*u + 0*u - 22 = 4*t, 15 = 5*u. Calculate the remainder when n(t) is divided by 14.
13
Calculate the remainder when (-4298)/(-8) - 5*(-75)/500 is divided by 145.
103
Calculate the remainder when (-117777)/(-63)*2 - 185/(-3885) is divided by 43.
41
Suppose -27 = -2*d - 3*t - 3, 0 = -4*t - 16. What is the remainder when 26 is divided by d?
8
Suppose 0 = 3*q + j + 63, -j + 124 = -5*q + 11. Let a = 24 + q. Suppose -5*n = -4*p - 9, a*n + 7 - 33 = -4*p. What is the remainder when 18 is divided by p?
2
Suppose -4*v = 3*g - 1721, -2*v + 6*g = 5*g - 883. Calculate the remainder when 484 is divided by v.
47
Let s(i) = 7*i**2 - 124*i + 50. Calculate the remainder when s(20) is divided by 94.
88
Let o = -3083 - -3396. What is the remainder when o is divided by 80?
73
Let l(x) = x**3 + x**2 - x + 403. Let f be l(0). Suppose -16*b - f = -2675. Calculate the remainder when b is divided by 76.
66
Suppose -2 + 397 = 5*v. Let s(f) = f**3 + 11*f**2 + 14*f - 22. Let u be s(-11). Let o = u + 196. What is the remainder when v is divided by o?
19
Let v = 164 + 673. Suppose -46*w + 15*w = -v. What is the remainder when w is divided by 6?
3
Suppose -m + 25 = -3*v, -4*v + 3*m - 5 - 25 = 0. Let w = -15 + v. Let k = w - -86. Calculate the remainder when k is divided by 13.
10
Suppose 0 = 3*j + 5*n - 327, 0 = -14*j + 11*j + 3*n + 351. What is the remainder when j is divided by (-4)/((-1)/42*4)?
30
Suppose -23 = -3*q + w, q - 4*w - 26 = -0*q. Suppose k + 7 = 0, -2*c + 153*k = 159*k - 160. What is the remainder when c is divided by q?
5
Suppose 28802 = 44*x - 23866. Calculate the remainder when x is divided by 300.
297
Suppose 57 = 2*u - 3*y, -u = 4*u - 2*y - 170. What is the remainder when -5 - (-277 + 14 + -26) is divided by u?
32
Let l = -213 - -216. Let o(c) = 10*c - 5. Let y(r) = -11*r + 5. Let w(n) = 4*o(n) + 3*y(n). Calculate the remainder when 63 is divided by w(l).
15
Suppose -4*f - 12 = 0, c - 5*f - 304 = -73. Calculate the remainder when 1091 is divided by c.
11
Let z = -79 - -127. Suppose -15*r - 96 = -3*r. Calculate the remainder when z is divided by (2 + r - -7) + 9.
8
Let g(o) = -o**2 + 2*o + 7. Let s be (-6 + 7)/(2 + -3). Let z be 0 - 1*(-4 - s). What is the remainder when 14 is divided by g(z)?
2
Let v = -933 - -1058. What is the remainder when 127 is divided by v?
2
Let s(q) = -87*q**2 + 395*q - 6. Calculate the remainder when s(4) is divided by 23.
21
Calculate the remainder when -14*879/252*-6 is divided by 12.
5
Let z = 211 - 192. Let j(h) = h**2 - 29*h + 215. What is the remainder when 113 is divided by j(z)?
13
Let c = 28 - -18. Suppose -20*j - 20 = -30*j. Suppose j*x - 56 = -0*x. Calculate the remainder when c is divided by x.
18
Let o = 2158 - 2146. What is the remainder when 62 is divided by o?
2
Suppose 3*v - 19 = 2*m, 3*v - 8 - 1 = -3*m. What is the remainder when (434/8 - v) + (-2)/8 is divided by 14?
7
Let a(x) = 3*x**2 + x - 131. What is the remainder when 52 is divided by a(-7)?
7
Suppose 4*v = 3*z + 1966, 2*v - 20*z = -25*z + 970. Calculate the remainder when v is divided by 86.
60
Let g(n) = 44*n. What is the remainder when g(1) is divided by (-194)/(-16) + (15/(-80))/(15/10)?
8
Suppose 167*p - 539255 - 292906 = 0. Calculate the remainder when p is divided by 5.
3
Suppose 8988 = -1129*l + 1143*l. Calculate the remainder when l is divided by 71.
3
Suppose -6*c + 69 = -33. Let l = -17 - -15. Let d = l - -49. What is the remainder when d is divided by c?
13
Suppose -8*g + 6588 + 15532 = 3928. Calculate the remainder when g is divided by 15.
9
Suppose 4 = 12*d - 44. Suppose 4*y + 0*r = 2*r + 40, d*y - 4*r - 32 = 0. Let a = 18 - 11. Calculate the remainder when y is divided by a.
5
Suppose p = -d + 23, -2*p = 42 - 40. Calculate the remainder when d is divided by ((-70)/(-15))/(2/6).
10
Suppose 116*f - 115326 = -60*f + 492754. Calculate the remainder when f is divided by 72.
71
Suppose -28*f + 128 = -26*f - b, 66 = f - b. What is the remainder when f is divided by 3?
2
Let q(w) = -9*w - 85. Let h be q(-10). Let p(o) = -o + 1. Let n(t) = -8*t + 9. Let y(c) = -4*n(c) + 28*p(c). Calculate the remainder when y(h) is divided by 4.
0
Suppose -65*z = -12687 - 6163. Calculate the remainder when z is divided by 98.
94
Let g(f) = 9*f + 20. Let a be g(13). Let m = 216 - a. What is the remainder when m is divided by 10?
9
Suppose 2*g - 30*g = 29*g - 1026. What is the remainder when 305 is divided by g?
17
Suppose 157*g - 8308 - 3410 = -60*g. What is the remainder when 122 is divided by g?
14
Suppose -5*c - 435 = -5*n, -28 = 2*c + n + 152. Suppose 0 = x - 3*g + 48 - 4, -x - 38 = -5*g. Let u = x - c. Calculate the remainder when 71 is divided by u.
35
Suppose 3*f - 6*f = -6. Suppose g = -3, -o + 9 - f = 2*g. Calculate the remainder when 3/((9/108)/1) is divided by o.
10
Let v(i) = 5*i - 4. Let y be v(2). Suppose t = 3*g - 176, -5*g = -t - t - 294. Suppose -g = y*w - 7*w. What is the remainder when w is divided by 20?
18
Let s = -12406 + 12446. Let q(k) = k - 3. Let g be q(3). Suppose 2*a = -g*a + 28. What is the remainder when s is divided by a?
12
Let b = 36 + -30. Let w = b + 11. Suppose 0 = m - 0*m - w. What is the remainder when 50 is divided by m?
16
Let l = 989 - 976. Suppose -4 = 3*j - 4*j. What is the remainder when l is divided by j?
1
Suppose 5*d = -2*z + 139, -3*d - 2*d - 196 = -3*z. Let o = -71 + z. What is the remainder when (2 + 82/(-10))/(o/20) is divided by 8?
7
Let j(q) = -q**3 - 4*q**2 - 2*q - 4. Let o be 13000/(-32) - 1/(-4). Let d = -405 - o. Calculate the remainder when j(-4) is divided by d.
0
Suppose 0 = 5*q - 30 - 15. Suppose v + 2*o = 17, 4*o = -23*v + 27*v - 140. Calculate the remainder when v is divided by q.
2
Suppose 1158 = 219*w - 14 - 142. Calculate the remainder when (-3 - (-4 - -2))*-49 is divided by w.
1
Suppose -3*c + 2*p = 0, -2*p - p = -4*c. Suppose 2*i = i - 5, -4*v + 4*i + 136 = c. Calculate the remainder when (-2240)/(-26) - (2/13 - 0) is divided by v.
28
Let i = -241 - -335. What is the remainder when 1*-4*i/(-8) is divided by 13?
8
Suppose -1996 = 21*c - 6910. Calculate the remainder when c is divided by 14.
10
Suppose -469*z - 208*z - 15*z = -15916. Suppose -176 = -5*n + n. Calculate the remainder when n is divided by z.
21
Suppose 2*o + 3*r = 6*o - 554, 4*o + 5*r - 538 = 0. Calculate the remainder when 1913 is divided by o.
132
Let b(q) = -3*q - 1. Let f(k) = -64*k - 7. Let m(c) = 2*b(c) - f(c). Suppose 4*l - 40 - 48 = 0. What is the remainder when m(1) is divided by l?
19
Let n(s) = -s**3 - 19*s**2 - 32*s + 47. Calculate the remainder when 97 is divided by n(-17).
6
Let h(n) = -2*n + 1 + 6*n**3 - n**2 - 5*n**3 + n. Suppose 48 - 30 = 3*u. Calculate the remainder when u is divided by h(2).
0
Let h = -39 + 42. Suppose h*r = 146 - 11. Suppose 2*s = -5*z + 16, 8 = -4*s + 4*z + 96. Calculate the remainder when r is divided by s.
9
What is the remainder when 983 is divided by 56/2 + 150/(-23 - -48)?
31
Calculate the remainder when (14/(336/(-1854)))/((-27)/2988) is divided by 19.
18
Let u = 8067 + -7833. What is the remainder when u is divided by 43?
19
Let w(v) = 16*v**3 + 10*v**2